{"id":968,"date":"2017-07-08T08:16:57","date_gmt":"2017-07-08T06:16:57","guid":{"rendered":"http:\/\/clandata.sytes.net\/wordpress\/?page_id=968"},"modified":"2017-07-25T20:26:39","modified_gmt":"2017-07-25T18:26:39","slug":"das-erste-treffen-der-hog","status":"publish","type":"page","link":"http:\/\/clandata.sytes.net\/wordpress\/das-erste-treffen-der-hog\/","title":{"rendered":"Das erste Treffen der HOG"},"content":{"rendered":"<p class=\"western\"><strong>1962 Kirchheim\/Teck<\/strong><\/p>\n<p>Am diesj\u00e4hrigen Pfingstfest trafen sich zum ersten mal seit Kriegsende die Gro\u00df-Schamer in dem sch\u00f6nen St\u00e4dtchen Kirchheim (Teck).<br \/>\nEs waren rund 150 Personen, die der Einladung von Leni Bergunde (Koreck) und Conrad Pickert gefolgt sind. Schon am Samstagnachmittag trafen die ersten Teilnehmer in Kirchheim ein, der gr\u00f6\u00dfere Teil kam aber erst am Sonntagvormittag. Die Wiedersehensfreude war so gro\u00df, da\u00df die Veranstalter M\u00fche hatten, den Festverlauf bekanntzugeben. Nach dem Besuch der Messe in der Stadtkirche gab es ein gemeinsames Mittagessen. Im Anschlu\u00df daran sprach ein Landsmann einige Worte zu den Anwesenden. Er begr\u00fc\u00dfte zun\u00e4chst alle Erschienenen, verlas hierauf eine Gru\u00dfbotschaft der Gro\u00df-Schamer aus den Vereinigten Staaten, gedachte der noch in der alten Heimat Lebenden und hob schlie\u00dflich hervor, da\u00df zu den Aufgaben, die es noch zu erf\u00fcllen gilt, die Abfassung eines Heimatbuches geh\u00f6re. Nach dem besinnlichen Teil kam die Geselligkeit auf ihre Rechnung.<br \/>\nLandsmann Rohr, dessen Freund und der Sohn des jungen Koreck Peter spielten zum Tanze auf. Er\u00f6ffnet wurde der Reigen von den \u00e4ltesten Gro\u00df-Schamern, Frau Maria Brochmann und Jakob M\u00fcller. In den Tanzpausen wurden von den Sangesfreudigen Heimatlieder gesungen. Da\u00df die S\u00e4nger in Gro\u00df-Scham zwei verschiedenen Vereinen angeh\u00f6rt hatten, war in Kirchheim nicht mehr festzustellen. Das Fest verlief in froher Stimmung bis tief in die Nacht hinein. Wie sehr alle mit Freude erf\u00fcllt waren, zeigt die Aussage einiger alter Gro\u00df-Schamerinnen.&nbsp; Auf die Ank\u00fcndigung,&nbsp; da\u00df das n\u00e4chste Treffen in zwei Jahren wieder stattfinden solle, meinten sie: &#8222;Es war alles wunnerscheen, awr treffe wolle mr uns schunn im n\u00e4schte Johr,&nbsp; denn wer waas, ob mr in zwaa, Johr noch lewe.&#8220; Darum wollen wir mit dem Dank an die Veranstalter gleich die Bitte aussprechen, sich auch im n\u00e4chsten Jahr der M\u00fche zu unterziehen, wieder ein&nbsp;so sch\u00f6nes Fest zu gestalten.<br \/>\nWie w\u00e4re es, das Ortstreffen in Schw\u00e4bisch Gm\u00fcnd zusammen mit dem Heimattag der Banater Schwaben zu veranstalten? Er findet vom 15. bis 16. Juni 1963 statt. (hs)<\/p>\n<p><small>Quelle: Banater Post 1962, &nbsp;Jahrgang 7, Nr. 10, &nbsp;M\u00fcnchen, 15. Oktober 1962<\/small><\/p>\n","protected":false},"excerpt":{"rendered":"<p>1962 Kirchheim\/Teck Am diesj\u00e4hrigen Pfingstfest trafen sich zum ersten mal seit Kriegsende die Gro\u00df-Schamer in dem sch\u00f6nen St\u00e4dtchen Kirchheim (Teck). Es waren rund 150 Personen, die der Einladung von Leni Bergunde (Koreck) und Conrad Pickert gefolgt sind. Schon am Samstagnachmittag trafen die ersten Teilnehmer in Kirchheim ein, der gr\u00f6\u00dfere Teil kam aber erst am Sonntagvormittag. &hellip; <a href=\"http:\/\/clandata.sytes.net\/wordpress\/das-erste-treffen-der-hog\/\" class=\"more-link\"><span class=\"screen-reader-text\">&#8222;Das erste Treffen der HOG&#8220; <\/span>weiterlesen<\/a><\/p>\n","protected":false},"author":3,"featured_media":0,"parent":0,"menu_order":0,"comment_status":"closed","ping_status":"closed","template":"","meta":{"_cbd_carousel_blocks":"[]","ngg_post_thumbnail":0,"footnotes":""},"class_list":["post-968","page","type-page","status-publish","hentry"],"_links":{"self":[{"href":"http:\/\/clandata.sytes.net\/wordpress\/wp-json\/wp\/v2\/pages\/968","targetHints":{"allow":["GET"]}}],"collection":[{"href":"http:\/\/clandata.sytes.net\/wordpress\/wp-json\/wp\/v2\/pages"}],"about":[{"href":"http:\/\/clandata.sytes.net\/wordpress\/wp-json\/wp\/v2\/types\/page"}],"author":[{"embeddable":true,"href":"http:\/\/clandata.sytes.net\/wordpress\/wp-json\/wp\/v2\/users\/3"}],"replies":[{"embeddable":true,"href":"http:\/\/clandata.sytes.net\/wordpress\/wp-json\/wp\/v2\/comments?post=968"}],"version-history":[{"count":3,"href":"http:\/\/clandata.sytes.net\/wordpress\/wp-json\/wp\/v2\/pages\/968\/revisions"}],"predecessor-version":[{"id":1309,"href":"http:\/\/clandata.sytes.net\/wordpress\/wp-json\/wp\/v2\/pages\/968\/revisions\/1309"}],"wp:attachment":[{"href":"http:\/\/clandata.sytes.net\/wordpress\/wp-json\/wp\/v2\/media?parent=968"}],"curies":[{"name":"wp","href":"https:\/\/api.w.org\/{rel}","templated":true}]}}