{"id":1372,"date":"2017-08-01T16:52:53","date_gmt":"2017-08-01T14:52:53","guid":{"rendered":"http:\/\/clandata.sytes.net\/wordpress\/?page_id=1372"},"modified":"2017-08-04T17:01:29","modified_gmt":"2017-08-04T15:01:29","slug":"kirchweihbilder","status":"publish","type":"page","link":"http:\/\/clandata.sytes.net\/wordpress\/kirchweihbilder\/","title":{"rendered":"Kirchweihbilder"},"content":{"rendered":"<p>Gro\u00dfschamer Kirchweihpaare im Jahre 1967<br \/>\n<img loading=\"lazy\" decoding=\"async\" class=\"alignnone wp-image-1369 size-full\" src=\"http:\/\/clandata.sytes.net\/wordpress\/wp-content\/uploads\/2017\/08\/1967-Gro\u00df-Scham-Kirchweihpaare.jpg\" alt=\"\" width=\"3312\" height=\"2118\" srcset=\"http:\/\/clandata.sytes.net\/wordpress\/wp-content\/uploads\/2017\/08\/1967-Gro\u00df-Scham-Kirchweihpaare.jpg 3312w, http:\/\/clandata.sytes.net\/wordpress\/wp-content\/uploads\/2017\/08\/1967-Gro\u00df-Scham-Kirchweihpaare-300x192.jpg 300w, http:\/\/clandata.sytes.net\/wordpress\/wp-content\/uploads\/2017\/08\/1967-Gro\u00df-Scham-Kirchweihpaare-768x491.jpg 768w, http:\/\/clandata.sytes.net\/wordpress\/wp-content\/uploads\/2017\/08\/1967-Gro\u00df-Scham-Kirchweihpaare-1024x655.jpg 1024w, http:\/\/clandata.sytes.net\/wordpress\/wp-content\/uploads\/2017\/08\/1967-Gro\u00df-Scham-Kirchweihpaare-1200x767.jpg 1200w\" sizes=\"auto, (max-width: 709px) 85vw, (max-width: 909px) 67vw, (max-width: 1362px) 62vw, 840px\" \/>Von links nach rechts: Hermine Alexius, Peter Treib, Maria Hoff, Friedrich Bayerle, Elisabeth Lauer, Mathias Hoff, Magdalena Bayerle, Anton Braun, Maria Utz, Franz Braun, Helga Kropatschek, Erwin L\u00f6sch, Hertha Schummer, Alfred M\u00fcller, Helga Mayer, Johann Lenhardt, Gerlinde Franz, Helmut Egner, Erika Rohr, Stefan L\u00f6sch, Anneliese Mayer, G\u00fcnter Lenhardt, Gerlinde Lenhardt, Helmut L\u00f6sch, Helga Scheidnas, Helmut Szabo, Maria Schmidt, Armin Lauritz, Eva Bartbeck, Johann Hassil, Charlotte Winter, Walter Gluting, Elisabeth Feistel, Konrad Schmidt, Katharina Farkas und Erwin Egner mit dem Kirchweihstrau\u00df.<\/p>\n<p>Gro\u00dfschamer Kirchweihpaare im Jahre 1968<br \/>\n<img loading=\"lazy\" decoding=\"async\" class=\"alignnone wp-image-1370 size-full\" src=\"http:\/\/clandata.sytes.net\/wordpress\/wp-content\/uploads\/2017\/08\/1968-Gro\u00df-Scham-Kirchweihpaare.jpg\" alt=\"\" width=\"3330\" height=\"2118\" srcset=\"http:\/\/clandata.sytes.net\/wordpress\/wp-content\/uploads\/2017\/08\/1968-Gro\u00df-Scham-Kirchweihpaare.jpg 3330w, http:\/\/clandata.sytes.net\/wordpress\/wp-content\/uploads\/2017\/08\/1968-Gro\u00df-Scham-Kirchweihpaare-300x191.jpg 300w, http:\/\/clandata.sytes.net\/wordpress\/wp-content\/uploads\/2017\/08\/1968-Gro\u00df-Scham-Kirchweihpaare-768x488.jpg 768w, http:\/\/clandata.sytes.net\/wordpress\/wp-content\/uploads\/2017\/08\/1968-Gro\u00df-Scham-Kirchweihpaare-1024x651.jpg 1024w, http:\/\/clandata.sytes.net\/wordpress\/wp-content\/uploads\/2017\/08\/1968-Gro\u00df-Scham-Kirchweihpaare-1200x763.jpg 1200w\" sizes=\"auto, (max-width: 709px) 85vw, (max-width: 909px) 67vw, (max-width: 1362px) 62vw, 840px\" \/><br \/>\nVon links nach rechts: Robert Rieger, Eva Barbeck, Anton Braun, Helga Kropatschek, Erika Weinrauch, Horst Haupt, Susanna Sonn, Helmut Novy, Katharina Farkas, Friedrich Bayerle, Helga Geisel, Walter \u00d6sterreicher, Anneliese Mayer, Helmut L\u00f6sch, Helga Mayer, Stefan L\u00f6sch, Monika Niculescu, Stefan Istrate, Magdalena Bayerle und Erwin L\u00f6sch mit dem Kirchweihstrau\u00df, G\u00fcnther M\u00fcller, Charlotte Winter, G\u00fcnter Lenhardt, Maria Hoff, Elisabeth Feistel, Johann Hassil, Gerda Konrad, Walter Gluting, Erika Rohr, Johann Lenhardt, Hertha Schummer und Alfred M\u00fcller.<\/p>\n<p>Gro\u00dfschamer Kirchweihpaare im Jahre 1969<br \/>\n<img loading=\"lazy\" decoding=\"async\" class=\"alignnone wp-image-1371 size-full\" src=\"http:\/\/clandata.sytes.net\/wordpress\/wp-content\/uploads\/2017\/08\/1969-Gro\u00df-Scham-Kirchweihpaare.jpg\" alt=\"\" width=\"3330\" height=\"2184\" srcset=\"http:\/\/clandata.sytes.net\/wordpress\/wp-content\/uploads\/2017\/08\/1969-Gro\u00df-Scham-Kirchweihpaare.jpg 3330w, http:\/\/clandata.sytes.net\/wordpress\/wp-content\/uploads\/2017\/08\/1969-Gro\u00df-Scham-Kirchweihpaare-300x197.jpg 300w, http:\/\/clandata.sytes.net\/wordpress\/wp-content\/uploads\/2017\/08\/1969-Gro\u00df-Scham-Kirchweihpaare-768x504.jpg 768w, http:\/\/clandata.sytes.net\/wordpress\/wp-content\/uploads\/2017\/08\/1969-Gro\u00df-Scham-Kirchweihpaare-1024x672.jpg 1024w, http:\/\/clandata.sytes.net\/wordpress\/wp-content\/uploads\/2017\/08\/1969-Gro\u00df-Scham-Kirchweihpaare-1200x787.jpg 1200w\" sizes=\"auto, (max-width: 709px) 85vw, (max-width: 909px) 67vw, (max-width: 1362px) 62vw, 840px\" \/><br \/>\nVon links nach rechts: &#8230;, Heinz Lauritz, Anneliese Mayer, G\u00fcnther M\u00fcller, Gerlinde Lenhardt, Wilhelm Lisafeld, Hertha Schummer, Walter Nachram, Monika Niculescu, Walter Gluting, Erika Rohr, Johann Lenhardt, Elisabeth Feistel und Erwin L\u00f6sch mit dem Kirchweihstrau\u00df, dahinter Helga Kropatschek, Georg Kirch, G\u00fcnter Lenhardt, Maria Hoff, Georg Kutschera, Katharina Szomoru, Helmut L\u00f6sch, Charlotte Winter, Friedrich Bayerle, Helga Geisel, Horst Haupt, &#8230; und die Dolatzer Musikanten.<\/p>\n<p>Kerweihbaum aufstellen<br \/>\n<img loading=\"lazy\" decoding=\"async\" class=\"wp-image-1359 size-full\" src=\"http:\/\/clandata.sytes.net\/wordpress\/wp-content\/uploads\/2017\/07\/Gross-Scham-Kerweih-Baum-aufstellen-Datum-unbek.png\" alt=\"Baum aufstellen\" width=\"1200\" height=\"846\" srcset=\"http:\/\/clandata.sytes.net\/wordpress\/wp-content\/uploads\/2017\/07\/Gross-Scham-Kerweih-Baum-aufstellen-Datum-unbek.png 1200w, http:\/\/clandata.sytes.net\/wordpress\/wp-content\/uploads\/2017\/07\/Gross-Scham-Kerweih-Baum-aufstellen-Datum-unbek-300x212.png 300w, http:\/\/clandata.sytes.net\/wordpress\/wp-content\/uploads\/2017\/07\/Gross-Scham-Kerweih-Baum-aufstellen-Datum-unbek-768x541.png 768w, http:\/\/clandata.sytes.net\/wordpress\/wp-content\/uploads\/2017\/07\/Gross-Scham-Kerweih-Baum-aufstellen-Datum-unbek-1024x722.png 1024w\" sizes=\"auto, (max-width: 709px) 85vw, (max-width: 909px) 67vw, (max-width: 1362px) 62vw, 840px\" \/><\/p>\n<p>1974 Kirchweihzug in der &#8222;Braatgass&#8220;<br \/>\n<img loading=\"lazy\" decoding=\"async\" class=\"wp-image-1361 size-full\" src=\"http:\/\/clandata.sytes.net\/wordpress\/wp-content\/uploads\/2017\/07\/1974_Gross-Scham-Kirchweihzug-in-der-Brat-Gass.png\" alt=\"Kirchweihzug\" width=\"1200\" height=\"864\" srcset=\"http:\/\/clandata.sytes.net\/wordpress\/wp-content\/uploads\/2017\/07\/1974_Gross-Scham-Kirchweihzug-in-der-Brat-Gass.png 1200w, http:\/\/clandata.sytes.net\/wordpress\/wp-content\/uploads\/2017\/07\/1974_Gross-Scham-Kirchweihzug-in-der-Brat-Gass-300x216.png 300w, http:\/\/clandata.sytes.net\/wordpress\/wp-content\/uploads\/2017\/07\/1974_Gross-Scham-Kirchweihzug-in-der-Brat-Gass-768x553.png 768w, http:\/\/clandata.sytes.net\/wordpress\/wp-content\/uploads\/2017\/07\/1974_Gross-Scham-Kirchweihzug-in-der-Brat-Gass-1024x737.png 1024w\" sizes=\"auto, (max-width: 709px) 85vw, (max-width: 909px) 67vw, (max-width: 1362px) 62vw, 840px\" \/><\/p>\n<p>1979 Kirchweihzug in der &#8222;Braatgass&#8220;<br \/>\n<img loading=\"lazy\" decoding=\"async\" class=\"alignnone wp-image-1392 size-full\" src=\"http:\/\/clandata.sytes.net\/wordpress\/wp-content\/uploads\/2017\/08\/1979Gass.png\" alt=\"\" width=\"1152\" height=\"610\" srcset=\"http:\/\/clandata.sytes.net\/wordpress\/wp-content\/uploads\/2017\/08\/1979Gass.png 1152w, http:\/\/clandata.sytes.net\/wordpress\/wp-content\/uploads\/2017\/08\/1979Gass-300x159.png 300w, http:\/\/clandata.sytes.net\/wordpress\/wp-content\/uploads\/2017\/08\/1979Gass-768x407.png 768w, http:\/\/clandata.sytes.net\/wordpress\/wp-content\/uploads\/2017\/08\/1979Gass-1024x542.png 1024w\" sizes=\"auto, (max-width: 709px) 85vw, (max-width: 909px) 67vw, (max-width: 1362px) 62vw, 840px\" \/><\/p>\n<p>1981 Kirchweihzug<img loading=\"lazy\" decoding=\"async\" class=\"alignnone wp-image-1395 size-full\" src=\"http:\/\/clandata.sytes.net\/wordpress\/wp-content\/uploads\/2017\/08\/1981Kerweih.png\" alt=\"\" width=\"1296\" height=\"866\" srcset=\"http:\/\/clandata.sytes.net\/wordpress\/wp-content\/uploads\/2017\/08\/1981Kerweih.png 1296w, http:\/\/clandata.sytes.net\/wordpress\/wp-content\/uploads\/2017\/08\/1981Kerweih-300x200.png 300w, http:\/\/clandata.sytes.net\/wordpress\/wp-content\/uploads\/2017\/08\/1981Kerweih-768x513.png 768w, http:\/\/clandata.sytes.net\/wordpress\/wp-content\/uploads\/2017\/08\/1981Kerweih-1024x684.png 1024w, http:\/\/clandata.sytes.net\/wordpress\/wp-content\/uploads\/2017\/08\/1981Kerweih-1200x802.png 1200w\" sizes=\"auto, (max-width: 709px) 85vw, (max-width: 909px) 67vw, (max-width: 1362px) 62vw, 840px\" \/><\/p>\n","protected":false},"excerpt":{"rendered":"<p>Gro\u00dfschamer Kirchweihpaare im Jahre 1967 Von links nach rechts: Hermine Alexius, Peter Treib, Maria Hoff, Friedrich Bayerle, Elisabeth Lauer, Mathias Hoff, Magdalena Bayerle, Anton Braun, Maria Utz, Franz Braun, Helga Kropatschek, Erwin L\u00f6sch, Hertha Schummer, Alfred M\u00fcller, Helga Mayer, Johann Lenhardt, Gerlinde Franz, Helmut Egner, Erika Rohr, Stefan L\u00f6sch, Anneliese Mayer, G\u00fcnter Lenhardt, Gerlinde Lenhardt, &hellip; <a href=\"http:\/\/clandata.sytes.net\/wordpress\/kirchweihbilder\/\" class=\"more-link\"><span class=\"screen-reader-text\">&#8222;Kirchweihbilder&#8220; <\/span>weiterlesen<\/a><\/p>\n","protected":false},"author":5,"featured_media":0,"parent":0,"menu_order":0,"comment_status":"closed","ping_status":"closed","template":"","meta":{"_cbd_carousel_blocks":"[]","ngg_post_thumbnail":0,"footnotes":""},"class_list":["post-1372","page","type-page","status-publish","hentry"],"_links":{"self":[{"href":"http:\/\/clandata.sytes.net\/wordpress\/wp-json\/wp\/v2\/pages\/1372","targetHints":{"allow":["GET"]}}],"collection":[{"href":"http:\/\/clandata.sytes.net\/wordpress\/wp-json\/wp\/v2\/pages"}],"about":[{"href":"http:\/\/clandata.sytes.net\/wordpress\/wp-json\/wp\/v2\/types\/page"}],"author":[{"embeddable":true,"href":"http:\/\/clandata.sytes.net\/wordpress\/wp-json\/wp\/v2\/users\/5"}],"replies":[{"embeddable":true,"href":"http:\/\/clandata.sytes.net\/wordpress\/wp-json\/wp\/v2\/comments?post=1372"}],"version-history":[{"count":11,"href":"http:\/\/clandata.sytes.net\/wordpress\/wp-json\/wp\/v2\/pages\/1372\/revisions"}],"predecessor-version":[{"id":1396,"href":"http:\/\/clandata.sytes.net\/wordpress\/wp-json\/wp\/v2\/pages\/1372\/revisions\/1396"}],"wp:attachment":[{"href":"http:\/\/clandata.sytes.net\/wordpress\/wp-json\/wp\/v2\/media?parent=1372"}],"curies":[{"name":"wp","href":"https:\/\/api.w.org\/{rel}","templated":true}]}}