{"id":1117,"date":"2017-07-11T09:01:50","date_gmt":"2017-07-11T07:01:50","guid":{"rendered":"http:\/\/clandata.sytes.net\/wordpress\/?page_id=1117"},"modified":"2017-07-25T18:20:31","modified_gmt":"2017-07-25T16:20:31","slug":"banater-schwabenkinder-bei-der-fronleichnamsprozession-in-rastatt","status":"publish","type":"page","link":"http:\/\/clandata.sytes.net\/wordpress\/banater-schwabenkinder-bei-der-fronleichnamsprozession-in-rastatt\/","title":{"rendered":"Fronleichnam"},"content":{"rendered":"<p><strong>Wie Fronleichnam in Gro\u00df-Scham gefeiert wurde<\/strong><\/p>\n<p>Am zweiten Donnerstag nach Pfingsten feierten die Gro\u00df-Schamer, wie alle Katholiken, Fronleichnam.<br \/>\nEs ist das Fest des heiligen Leibes und Blutes Christi. Der Name &#8222;Fronleichnam&#8220; stammt aus dem Althochdeutschen, wobei &#8222;fron&#8220; f\u00fcr &#8222;Herr&#8220; steht und &#8222;lichnam&#8220; f\u00fcr &#8222;Leib&#8220;.<\/p>\n<p>Als H\u00f6hepunkt der Feier galt die Prozession. Die Vorbereitungen daf\u00fcr begannen schon am Mittwochnachmittag: Die Eingangsseite der Nepomukkapelle und der Altar wurden mit Laubwerk und Blumen geschm\u00fcckt. Weitere drei Kapellen wurden behelfsm\u00e4\u00dfig aufgebaut. Zun\u00e4chst stellte man ein Ger\u00fcst aus Holz auf und breitete ein wei\u00dfes Tuch dar\u00fcber. In dem so entstandenen Innenraum war an der Hinterwand ein Heiligenbild befestigt und davor stand ein Altar mit einem sch\u00f6nen Altartuch bedeckt, mit einem gro\u00dfen Kreuz und einem Kreuzleuchter. Vasen mit \u00fcppigem Blumenschmuck waren selbstverst\u00e4ndlich. So war es bis 1911.<br \/>\nNach 1911 wurde an drei H\u00e4usern im Ort von den Maurermeistern Fickinger und Scheidnas je eine Kapelle aus festem Material erbaut. Eine davon wurde 1936 abgerissen, die beiden anderen fielen 1962 der Spitzhacke zum Opfer.<\/p>\n<figure id=\"attachment_1161\" aria-describedby=\"caption-attachment-1161\" style=\"width: 300px\" class=\"wp-caption alignleft\"><img loading=\"lazy\" decoding=\"async\" class=\"wp-image-1161 size-medium\" src=\"http:\/\/clandata.sytes.net\/wordpress\/wp-content\/uploads\/2017\/07\/1-300x178.jpg\" alt=\"\" width=\"300\" height=\"178\" srcset=\"http:\/\/clandata.sytes.net\/wordpress\/wp-content\/uploads\/2017\/07\/1-300x178.jpg 300w, http:\/\/clandata.sytes.net\/wordpress\/wp-content\/uploads\/2017\/07\/1-768x457.jpg 768w, http:\/\/clandata.sytes.net\/wordpress\/wp-content\/uploads\/2017\/07\/1-1024x609.jpg 1024w, http:\/\/clandata.sytes.net\/wordpress\/wp-content\/uploads\/2017\/07\/1-1200x714.jpg 1200w\" sizes=\"auto, (max-width: 300px) 85vw, 300px\" \/><figcaption id=\"caption-attachment-1161\" class=\"wp-caption-text\">Die Fahnentr\u00e4ger der Fronleichnamsprozession in Rastatt 2017<\/figcaption><\/figure>\n<p>Der Festtag begann mit einem feierlichen Gottesdienst. Danach formierte sich der Festzug. Die Spitze bildeten die Kreuz- und Fahnentr\u00e4ger. Ihnen schlossen sich wie folgt an: die Schulkinder, die Jugend, die &#8222;Marienm\u00e4dchen&#8220;, der Kirchenchor, die Ministranten, der Priester unter dem Baldachin die Monstranz tragend, die M\u00e4nner, die Frauen und zuletzt die Musikkapelle.<br \/>\nHatte die Prozession eine Kapelle erreicht, stellte der Priester die Monstranz auf den Altar, verk\u00fcndete das Evangelium, nahm die Monstranz wieder in die H\u00e4nde und segnete die Menschen, ihre H\u00e4user und die Fluren damit. Danach machte sich der Zug auf den Weg zur n\u00e4chsten Kapelle. Bei Schlechtwetter gab es nur einen kleinen Umzug in der Kirche.&nbsp;&nbsp;<br \/>\n<em>G\u00fcnter Lenhardt<\/em><\/p>\n<p><strong>&#8230; und heute gefeiert wird in der neuen Heimat<\/strong><\/p>\n<p>In Deutschland angekommen, feiern viele Gro\u00df-Schamer und deren Nachkommen das Fest weiter; so beispielsweise in Rastatt.<\/p>\n<p><img loading=\"lazy\" decoding=\"async\" class=\"size-medium wp-image-1164 alignleft\" src=\"http:\/\/clandata.sytes.net\/wordpress\/wp-content\/uploads\/2017\/07\/3-300x225.jpg\" alt=\"\" width=\"300\" height=\"225\" srcset=\"http:\/\/clandata.sytes.net\/wordpress\/wp-content\/uploads\/2017\/07\/3-300x225.jpg 300w, http:\/\/clandata.sytes.net\/wordpress\/wp-content\/uploads\/2017\/07\/3-768x576.jpg 768w, http:\/\/clandata.sytes.net\/wordpress\/wp-content\/uploads\/2017\/07\/3-1024x768.jpg 1024w, http:\/\/clandata.sytes.net\/wordpress\/wp-content\/uploads\/2017\/07\/3-1200x900.jpg 1200w, http:\/\/clandata.sytes.net\/wordpress\/wp-content\/uploads\/2017\/07\/3.jpg 2000w\" sizes=\"auto, (max-width: 300px) 85vw, 300px\" \/>Das Fest wird in Rastatt Jahr f\u00fcr Jahr mit einem sch\u00f6nen Festtagsgottesdienst und einer gro\u00dfen Prozession gefeiert. Die Seelsorgeeinheit, bestehend aus den Gemeinden &#8222;St. Alexander&#8220;, &#8222;Hl. Kreuz&#8220;, &#8222;Herz Jesu&#8220; und &#8222;Zw\u00f6lf Apostel&#8220;, feiert Fronleichnam in der Stadtkirche &#8222;St. Alexander&#8220;. Mit vielen Ministranten, der Trachtengruppe der Donauschwaben aus Rastatt und den &#8222;Banater Schwabenkindern&#8220; als Vertreter des Kreisverbands Rastatt fand der Einzug des Pfarrers in die Stadtkirche statt.<\/p>\n<div><img loading=\"lazy\" decoding=\"async\" class=\"size-medium wp-image-1120 alignleft\" src=\"http:\/\/clandata.sytes.net\/wordpress\/wp-content\/uploads\/2017\/07\/Brunnen-300x225.jpg\" alt=\"\" width=\"300\" height=\"225\" srcset=\"http:\/\/clandata.sytes.net\/wordpress\/wp-content\/uploads\/2017\/07\/Brunnen-300x225.jpg 300w, http:\/\/clandata.sytes.net\/wordpress\/wp-content\/uploads\/2017\/07\/Brunnen-768x576.jpg 768w, http:\/\/clandata.sytes.net\/wordpress\/wp-content\/uploads\/2017\/07\/Brunnen-1024x768.jpg 1024w, http:\/\/clandata.sytes.net\/wordpress\/wp-content\/uploads\/2017\/07\/Brunnen-1200x900.jpg 1200w, http:\/\/clandata.sytes.net\/wordpress\/wp-content\/uploads\/2017\/07\/Brunnen.jpg 2000w\" sizes=\"auto, (max-width: 300px) 85vw, 300px\" \/>Wir, die &#8222;Banater Schwabenkinder&#8220;, durften 2017 zum f\u00fcnften Mal an dem Fest mitwirken. Hier m\u00f6chten wir einmal sagen, dass es f\u00fcr uns immer wieder eine Ehre ist und sehr viel Freude bereitet, wenn wir den Kreisverband Rastatt jedes Jahr an diesem Fest vertreten.<br \/>\nNach dem Gottesdienst, an dem sich eine Vielzahl von Menschen beteiligten, folgte die Prozession durch die Stadtmitte.<\/div>\n<p>&nbsp;<\/p>\n<div>\n<p><img loading=\"lazy\" decoding=\"async\" class=\"alignleft size-medium wp-image-1162\" src=\"http:\/\/clandata.sytes.net\/wordpress\/wp-content\/uploads\/2017\/07\/2-300x168.jpg\" alt=\"\" width=\"300\" height=\"168\" srcset=\"http:\/\/clandata.sytes.net\/wordpress\/wp-content\/uploads\/2017\/07\/2-300x168.jpg 300w, http:\/\/clandata.sytes.net\/wordpress\/wp-content\/uploads\/2017\/07\/2-768x430.jpg 768w, http:\/\/clandata.sytes.net\/wordpress\/wp-content\/uploads\/2017\/07\/2-1024x573.jpg 1024w, http:\/\/clandata.sytes.net\/wordpress\/wp-content\/uploads\/2017\/07\/2-1200x671.jpg 1200w\" sizes=\"auto, (max-width: 300px) 85vw, 300px\" \/>Ein Blumenteppich, welcher von der Malerin Frau Holl und mehreren Kindern der &#8222;Jesusbande&#8220; gestaltet wurde, sowie der Altar am Rathaus und der mit au\u00dfergew\u00f6hnlich sch\u00f6nen Blumen bedeckte Brunnen der Fatima galten als zentrale Ereignisse, an die man sich noch lange erinnern wird.<br \/>\n<em>Miriam \u00d6sterreicher<\/em><\/p>\n<\/div>\n","protected":false},"excerpt":{"rendered":"<p>Wie Fronleichnam in Gro\u00df-Scham gefeiert wurde Am zweiten Donnerstag nach Pfingsten feierten die Gro\u00df-Schamer, wie alle Katholiken, Fronleichnam. Es ist das Fest des heiligen Leibes und Blutes Christi. Der Name &#8222;Fronleichnam&#8220; stammt aus dem Althochdeutschen, wobei &#8222;fron&#8220; f\u00fcr &#8222;Herr&#8220; steht und &#8222;lichnam&#8220; f\u00fcr &#8222;Leib&#8220;. Als H\u00f6hepunkt der Feier galt die Prozession. Die Vorbereitungen daf\u00fcr begannen &hellip; <a href=\"http:\/\/clandata.sytes.net\/wordpress\/banater-schwabenkinder-bei-der-fronleichnamsprozession-in-rastatt\/\" class=\"more-link\"><span class=\"screen-reader-text\">&#8222;Fronleichnam&#8220; <\/span>weiterlesen<\/a><\/p>\n","protected":false},"author":4,"featured_media":0,"parent":0,"menu_order":0,"comment_status":"closed","ping_status":"closed","template":"","meta":{"_cbd_carousel_blocks":"[]","ngg_post_thumbnail":0,"footnotes":""},"class_list":["post-1117","page","type-page","status-publish","hentry"],"_links":{"self":[{"href":"http:\/\/clandata.sytes.net\/wordpress\/wp-json\/wp\/v2\/pages\/1117","targetHints":{"allow":["GET"]}}],"collection":[{"href":"http:\/\/clandata.sytes.net\/wordpress\/wp-json\/wp\/v2\/pages"}],"about":[{"href":"http:\/\/clandata.sytes.net\/wordpress\/wp-json\/wp\/v2\/types\/page"}],"author":[{"embeddable":true,"href":"http:\/\/clandata.sytes.net\/wordpress\/wp-json\/wp\/v2\/users\/4"}],"replies":[{"embeddable":true,"href":"http:\/\/clandata.sytes.net\/wordpress\/wp-json\/wp\/v2\/comments?post=1117"}],"version-history":[{"count":18,"href":"http:\/\/clandata.sytes.net\/wordpress\/wp-json\/wp\/v2\/pages\/1117\/revisions"}],"predecessor-version":[{"id":1244,"href":"http:\/\/clandata.sytes.net\/wordpress\/wp-json\/wp\/v2\/pages\/1117\/revisions\/1244"}],"wp:attachment":[{"href":"http:\/\/clandata.sytes.net\/wordpress\/wp-json\/wp\/v2\/media?parent=1117"}],"curies":[{"name":"wp","href":"https:\/\/api.w.org\/{rel}","templated":true}]}}